4, -3*q = 4*t - 3 - 0. Let l(o) = o**3 + o - 1. What is the units digit of l(q)?
1
Let o(c) = c**3 + 10*c**2 + 8*c - 6. Let h be o(-7). Let v = -58 + h. What is the tens digit of v?
2
Suppose 5*r = 2 + 23. Suppose -r*o = -o - 136. What is the units digit of o?
4
Let q = -10 - -13. What is the tens digit of 18*(q + (-6)/4)?
2
Suppose 3*b - 3 = -2*j + 3, 5*j + 2 = b. Suppose -2*l + b = 4*c + 6, -4*l + 4*c + 28 = 0. Suppose l*o - 18 - 6 = 0. What is the units digit of o?
6
Let w = 123 + 71. What is the hundreds digit of w?
1
Suppose 0 = 2*r - 10*r + 504. What is the tens digit of r?
6
Let f be 5 + 1 + -2*1. Suppose -2 = t - f. What is the units digit of 0*(-2)/6 + t?
2
Let w(a) = 2*a**3 - 7*a**2 + 6*a - 1. Let d be w(5). Suppose -2*i + d = 4*z + i, -i = -4*z + 120. What is the units digit of z?
9
Let b be ((-42)/(-30) - 2)*(-5)/1. Suppose 0*o + 2*o - 32 = 0. Suppose -r + 2*i + o = i, -r + b*i + 22 = 0. What is the units digit of r?
3
Let f(w) = -w**3 + 4*w**2 + 2. Let r be f(4). What is the units digit of -2 - ((-2)/r - 7)?
6
Suppose -10 + 122 = 2*l. Let a = l - 24. What is the tens digit of a?
3
Suppose m + 81 = 2*m. What is the units digit of m?
1
Suppose 3*r = 4*t + 5*r - 2, 2*t + 4 = 4*r. Suppose 2*l - 30 = l - 2*h, t = 4*l + 2*h - 102. What is the units digit of l?
4
Suppose w + 173 = l, 4*l = 5*w + 336 + 361. What is the tens digit of l?
6
Let q(x) = 5*x - 2. Let u(m) = -3*m + 1. Let y(h) = -5*q(h) - 8*u(h). Suppose 2*t = 3*t. What is the units digit of y(t)?
2
Suppose 1159 + 599 = 6*u. What is the tens digit of u?
9
Suppose -4*l + o = -48, -4*o + 18 = l + 6. Suppose 0 = 3*j - 6 - l. What is the units digit of j?
6
Let z be -11*(2 + 0) - -1. What is the tens digit of (-27)/(z/6 - -2)?
1
Let m(i) = 5*i**2. What is the units digit of m(2)?
0
Let w be (12/(-9) + 1)*-3. Let r be w/((-28)/(-26) - 1). Suppose -j + 5*f = f - r, 5 = -5*f. What is the units digit of j?
9
Let i(o) = -o**3 + 3*o**2 - 3*o + 1. Let y(j) = 4*j**2 - 2*j. Let c(p) = 2*i(p) - 3*y(p). What is the units digit of c(-4)?
4
Suppose 0 = -4*v + 62 - 46. Suppose 0 = -4*k - 3*i + 7, 3*k + 3*i = i + 4. What is the units digit of -15*(5 + k - v)?
5
Suppose -2*n = f - 34, -4*n - 5*f - 12 = -80. What is the tens digit of n?
1
Let r = 7 - 5. Suppose r*g - g = 23. What is the tens digit of g?
2
Let v(f) be the third derivative of f**5/30 + 5*f**4/24 - 7*f**3/6 + 3*f**2. Suppose -2*x + 4*x = -10. What is the tens digit of v(x)?
1
Let b(j) = -j**3 - 5*j**2 + 6*j + 2. Let h be b(-6). Suppose 2*m - 5*m + 102 = 3*w, 0 = h*w + 5*m - 83. What is the units digit of w?
9
Suppose -5*u = -3*u - 154. What is the tens digit of u?
7
Let n be (0 - 1) + (18 - 2). Suppose -s = -6*a + a - n, -5*s - a = 29. Let i(k) = -3*k + 1. What is the tens digit of i(s)?
1
Suppose 17 = 4*f + 5. Let y be 12/2*(f - 2). What is the units digit of 3/(-2)*(-8)/y?
2
Let d = -119 - -190. What is the units digit of d?
1
Suppose 63 = 5*m - 252. What is the tens digit of m?
6
Suppose 0 = -3*v - 2*j + 111, -v - j + 15 + 22 = 0. Let m = 80 - v. Let s = -30 + m. What is the units digit of s?
3
Let s = 17 + -7. What is the tens digit of s?
1
Let o(a) = a**2 - a - 2. Suppose 0 = -z + 3*n, -2*n - 3 = -2*z + 5. Suppose -m = -3*m - z. What is the tens digit of o(m)?
1
Let w(r) = -r**2 + r. Let s be w(1). Let f = 4 + s. What is the units digit of f?
4
Suppose 2*g + 59 = 3*a - 113, -3*a - 4*g + 160 = 0. What is the units digit of a?
6
Suppose -5*a = -6*a + 4. What is the units digit of a?
4
Let m(l) = -l**2 - 7*l - 2. Let r be m(-6). Let q = 2 + r. What is the units digit of q?
6
Suppose 0*g = g + 3. Let x be -20 + -1 + 3/g. Let q = -10 - x. What is the units digit of q?
2
Suppose 0*p + 2*p + 2 = 0, 0 = k + 3*p - 21. Suppose 0 = 5*s + 9 - k. Suppose j - 10 = 4*l, 0*j = s*j - 4*l - 30. What is the tens digit of j?
1
Suppose 37 = 3*x + 13. What is the tens digit of (2/(-3))/(x/(-132))?
1
Suppose 0 = p - 4*q - 14, -5*q - 1 = 9. Let l(k) = -k**3 + 6*k**2 + 2*k - 9. What is the units digit of l(p)?
3
Suppose 5*c = 3*s - 12, 4*c - c - 2*s + 7 = 0. Let q = c - -3. Suppose q = -2*d + d + 3. What is the units digit of d?
3
What is the tens digit of -51*(-3 - (-8)/3)?
1
Suppose -4*h = -3*v + 3, 5*h - 6*h + 5*v = 22. Suppose k + 12 = 4*a, -2*a - h*a + 12 = -2*k. What is the units digit of (-6)/a*8/(-6)?
2
Suppose 4*i - 2*a - 3*a - 18 = 0, -8 = -3*i + a. Suppose i*o - 80 = -0*o. What is the tens digit of o?
4
Suppose -4*o + 3*u + 4 = -2*o, 0 = -4*u. Suppose -o*f + 4 = -2. Suppose p - f*p + 40 = 0. What is the units digit of p?
0
Suppose -j - 2 + 3 = -2*m, -3*j + 11 = -2*m. Suppose -g + m = -38. What is the tens digit of g?
4
Suppose 71 = -10*p + 11*p. What is the units digit of p?
1
Let d(j) = 5*j**3 + 2*j**2 - 3. Let p(k) = -10*k**3 - 5*k**2 + 7. Let n(q) = 7*d(q) + 3*p(q). What is the units digit of n(1)?
4
Suppose 10*w - 100 = 6*w. What is the tens digit of w?
2
Let n(r) = -2*r + 1. Let q be n(2). Let u(x) = x**3 + 2*x**2 - 3*x + 4. Let y be u(q). Suppose -h = -y - 4. What is the units digit of h?
8
What is the tens digit of (-2)/(-4)*(-15 - -181)?
8
Let g(t) = 6*t**3 - 5*t**2 - 4*t + 12. What is the hundreds digit of g(4)?
3
Suppose 2*v + 0*v - 190 = -2*m, -5*m - 204 = -2*v. What is the units digit of v?
7
Let r = 2 + -28. What is the units digit of r*(-3 - (-3)/2)?
9
Let j be (3*-1)/(-3) - 0. Let f = -2 + j. What is the units digit of (0 - f)*6 - 1?
5
Let o(b) = 16*b**2 - b. Let x be o(-1). Suppose 0 = 5*m - m + n - x, 0 = 5*m - 2*n - 18. Let t = 7 - m. What is the units digit of t?
3
Let g(l) = -4*l - 5. Let y be g(-4). Let a(f) = 3*f - 16. What is the tens digit of a(y)?
1
Let t be -1 + (4 - 2) - -6. What is the units digit of -4 + t + -7 + 23?
9
Let t be (-8)/(4/(-6)*3). Suppose -69 = -t*j - 25. What is the tens digit of j?
1
Let b = 14 - -5. What is the units digit of b?
9
Let i(t) = -3*t + 1. Let d be i(2). Let p(c) = c + 4. Let f be p(d). Let m = 7 - f. What is the units digit of m?
8
What is the units digit of 9/(-27) - (-7)/3?
2
Let o(l) be the second derivative of -l**3/6 + 7*l**2/2 + l. Let n(g) = g + 1. Let u be n(-1). What is the units digit of o(u)?
7
Suppose -24 = -3*b - 3. What is the units digit of b?
7
Suppose -3*k = -26 + 5. Suppose 240 = j + k*j. What is the tens digit of j?
3
Let x(l) be the third derivative of l**6/120 + l**5/15 + l**4/12 - l**3/6 + 2*l**2. What is the units digit of x(-3)?
2
Suppose 106 + 64 = 10*a. What is the tens digit of a?
1
Let v be ((0 - 0) + -4)/(-2). Suppose -t - 2*p = -10, -p + v = -2*p. What is the tens digit of t?
1
Suppose 6*a - 160 = a. What is the units digit of a?
2
Suppose -3*q + 4 = -38. What is the tens digit of q?
1
Suppose -j + 46 + 110 = -4*d, 4*d - 172 = -j. What is the units digit of j?
4
Suppose -g = 4*p - 73, -2*g + 3*p + 411 = 3*g. What is the units digit of g?
1
Suppose -3*b - b = -52. Suppose -k = b - 17. What is the units digit of k?
4
Suppose -2*l + 28 = -3*o, -7 + 22 = 3*l. Suppose 3*m - 4*m - 68 = 0. What is the tens digit of (-3)/9 + m/o?
1
Let z = 5 - 6. What is the tens digit of (0/(-2) + z)*-17?
1
Let s(z) = -4*z - 8. Let c be s(-6). What is the tens digit of 1 + (c - (1 + 0))?
1
Let l = 207 + -6. What is the units digit of l?
1
Let v = -27 + 28. What is the units digit of v?
1
Suppose -5*c = c. Suppose 2*y - 32 - 44 = c. What is the units digit of y?
8
Let l(i) = -i**3 + 8*i**2 - 6*i + 4. Suppose -7 = -d - 0. What is the units digit of l(d)?
1
Let r(u) = -u**3 - 6*u**2 - 4*u - 1. Let a be r(-6). Suppose -2*q + q = p - a, 3*p = 4*q - 106. Suppose -q = 5*t - 65. What is the units digit of t?
8
Let a(r) = -r + 6. Let g be a(4). Suppose -g*n = -2*s + 3*n + 14, 5*s - 93 = -2*n. What is the units digit of s?
7
Suppose 3*l = -5*u - 35, -2*u + 2*l - 28 = 2*u. Let w(o) = o**3 + 7*o**2 - o + 6. Let i be w(u). Suppose y = -0*y + i. What is the tens digit of y?
1
Suppose 5*o - 9 - 2 = -h, -3*h = -4*o + 62. Let f = h + 20. Let u = -3 + f. What is the units digit of u?
3
Let o(k) be the second derivative of k**3/6 + 2*k**2 + 2*k. Let n = -7 - -4. What is the units digit of o(n)?
1
Let z(t) = 8*t**2 - 1. Let c be 0*((-3)/2)/3. Suppose 19 = -x - 4*w, -2*x - x - 3*w - 12 = c. What is the units digit of z(x)?
7
What is the tens digit of -4 - 252/(-66) - 2081/(-11)?
8
Let b = 5 + -3.